 6.
2
Calculate the remainder when 892 is divided by 112.
108
What is the remainder when 28 is divided by 18?
10
What is the remainder when 174 is divided by 15?
9
Calculate the remainder when 255 is divided by 18.
3
What is the remainder when 558 is divided by 11?
8
Calculate the remainder when 122 is divided by 110.
12
Calculate the remainder when 923 is divided by 28.
27
Calculate the remainder when 732 is divided by 35.
32
What is the remainder when 281 is divided by 38?
15
Calculate the remainder when 510 is divided by 87.
75
Calculate the remainder when 494 is divided by 15.
14
Calculate the remainder when 339 is divided by 7.
3
What is the remainder when 17424 is divided by 15?
9
What is the remainder when 1211 is divided by 53?
45
What is the remainder when 4258 is divided by 213?
211
Calculate the remainder when 217 is divided by 77.
63
What is the remainder when 232 is divided by 31?
15
Calculate the remainder when 4507 is divided by 10.
7
Calculate the remainder when 390 is divided by 189.
12
What is the remainder when 2197 is divided by 45?
37
Calculate the remainder when 305 is divided by 48.
17
Calculate the remainder when 40 is divided by 18.
4
What is the remainder when 343 is divided by 82?
15
What is the remainder when 5586 is divided by 27?
24
What is the remainder when 220 is divided by 14?
10
Calculate the remainder when 129 is divided by 40.
9
What is the remainder when 672 is divided by 6?
0
Calculate the remainder when 808 is divided by 224.
136
What is the remainder when 23632 is divided by 163?
160
Calculate the remainder when 8854 is divided by 27.
25
What is the remainder when 284 is divided by 17?
12
Calculate the remainder when 625 is divided by 180.
85
Calculate the remainder when 1261 is divided by 398.
67
What is the remainder when 120 is divided by 16?
8
Calculate the remainder when 102 is divided by 24.
6
Calculate the remainder when 292 is divided by 86.
34
What is the remainder when 1532 is divided by 21?
20
Calculate the remainder when 309 is divided by 1.
0
What is the remainder when 99 is divided by 47?
5
Calculate the remainder when 25 is divided by 3.
1
What is the remainder when 294 is divided by 59?
58
Calculate the remainder when 2470 is divided by 12.
10
What is the remainder when 3689 is divided by 9?
8
Calculate the remainder when 368 is divided by 75.
68
Calculate the remainder when 127 is divided by 64.
63
Calculate the remainder when 227 is divided by 38.
37
What is the remainder when 383 is divided by 81?
59
Calculate the remainder when 8061 is divided by 192.
189
Calculate the remainder when 512 is divided by 12.
8
Calculate the remainder when 326 is divided by 55.
51
What is the remainder when 15 is divided by 9?
6
Calculate the remainder when 239 is divided by 125.
114
Calculate the remainder when 1194 is divided by 52.
50
Calculate the remainder when 2065 is divided by 111.
67
Calculate the remainder when 281 is divided by 60.
41
What is the remainder when 2053 is divided by 8?
5
Calculate the remainder when 474 is divided by 28.
26
What is the remainder when 32 is divided by 3?
2
What is the remainder when 325 is divided by 88?
61
Calculate the remainder when 1328 is divided by 663.
2
What is the remainder when 259 is divided by 26?
25
Calculate the remainder when 702 is divided by 182.
156
Calculate the remainder when 95 is divided by 80.
15
Calculate the remainder when 1459 is divided by 133.
129
Calculate the remainder when 458 is divided by 78.
68
Calculate the remainder when 33 is divided by 4.
1
Calculate the remainder when 62 is divided by 6.
2
Calculate the remainder when 174 is divided by 41.
10
Calculate the remainder when 5522 is divided by 18.
14
Calculate the remainder when 468 is divided by 88.
28
What is the remainder when 1644 is divided by 274?
0
What is the remainder when 263 is divided by 5?
3
What is the remainder when 2079 is divided by 58?
49
What is the remainder when 23 is divided by 11?
1
What is the remainder when 536 is divided by 90?
86
Calculate the remainder when 6439 is divided by 20.
19
What is the remainder when 592 is divided by 85?
82
What is the remainder when 194 is divided by 98?
96
Calculate the remainder when 5147 is divided by 184.
179
Calculate the remainder when 280 is divided by 96.
88
What is the remainder when 1870 is divided by 607?
49
What is the remainder when 6391 is divided by 16?
7
What is the remainder when 49 is divided by 13?
10
What is the remainder when 626 is divided by 311?
4
What is the remainder when 21639 is divided by 19?
17
What is the remainder when 705 is divided by 123?
90
What is the remainder when 1337 is divided by 667?
3
Calculate the remainder when 695 is divided by 12.
11
What is the remainder when 86 is divided by 18?
14
What is the remainder when 2322 is divided by 14?
12
Calculate the remainder when 122 is divided by 18.
14
What is the remainder when 2847 is divided by 35?
12
Calculate the remainder when 59 is divided by 23.
13
Calculate the remainder when 424 is divided by 112.
88
Calculate the remainder when 4646 is divided by 33.
26
What is the remainder when 1027 is divided by 10?
7
Calculate the remainder when 4211 is divided by 108.
107
Calculate the remainder when 376 is divided by 63.
61
Calculate the remainder when 11399 is divided by 24.
23
What is the remainder when 651 is divided by 132?
123
What is the remainder when 224 is divided by 126?
98
What is the remainder when 428 is divided by 92?
60
Calculate the remainder when 138 is divided by 47.
44
Calculate the remainder when 779 is divided by 304.
171
What is the remainder when 550 is divided by 24?
22
Calculate the remainder when 53 is divided by 7.
4
Calculate the remainder when 108 is divided by 22.
20
What is the remainder when 1275 is divided by 20?
15
What is the remainder when 238 is divided by 11?
7
Calculate the remainder when 118 is divided by 13.
1
Calculate the remainder when 405 is divided by 24.
21
Calculate the remainder when 59 is divided by 15.
14
Calculate the remainder when 25 is divided by 4.
1
Calculate the remainder when 491 is divided by 55.
51
Calculate the remainder when 775 is divided by 12.
7
What is the remainder when 213 is divided by 17?
9
Calculate the remainder when 522 is divided by 106.
98
What is the remainder when 1061 is divided by 133?
130
Calculate the remainder when 276 is divided by 44.
12
Calculate the remainder when 124 is divided by 18.
16
Calculate the remainder when 1669 is divided by 168.
157
What is the remainder when 20 is divided by 16?
4
What is the remainder when 477 is divided by 108?
45
What is the remainder when 111 is divided by 28?
27
What is the remainder when 225 is divided by 33?
27
What is the remainder when 1134 is divided by 16?
14
Calculate the remainder when 279 is divided by 54.
9
Calculate the remainder when 19875 is divided by 140.
135
Calculate the remainder when 33 is divided by 5.
3
What is the remainder when 4093 is divided by 1358?
19
Calculate the remainder when 724 is divided by 240.
4
Calculate the remainder when 538 is divided by 45.
43
Calculate the remainder when 56 is divided by 10.
6
What is the remainder when 76 is divided by 25?
1
Calculate the remainder when 675 is divided by 41.
19
Calculate the remainder when 72 is divided by 21.
9
Calculate the remainder when 2195 is divided by 122.
121
What is the remainder when 422 is divided by 29?
16
Calculate the remainder when 246 is divided by 31.
29
Calculate the remainder when 176 is divided by 62.
52
Calculate the remainder when 369 is divided by 109.
42
Calculate the remainder when 18267 is divided by 373.
363
What is the remainder when 136 is divided by 30?
16
Calculate the remainder when 272 is divided by 25.
22
What is the remainder when 1901 is divided by 73?
3
Calculate the remainder when 15333 is divided by 9.
6
Calculate the remainder when 1714 is divided by 58.
32
What is the remainder when 16 is divided by 5?
1
Calculate the remainder when 2033 is divided by 170.
163
Calculate the remainder when 205 is divided by 42.
37
What is the remainder when 105 is divided by 38?
29
What is the remainder when 140 is divided by 88?
52
What is the remainder when 3309 is divided by 18?
15
What is the remainder when 297 is